mposite?
True
Suppose 2*b - 17 - 19 = 0. Suppose 8 = 5*a + b. Is 394 - ((-10)/a + -4) composite?
True
Suppose p - 524 = 250. Suppose 2*h - 632 = p. Let i = h + -498. Is i a composite number?
True
Let i be 7191/3*-2*2/4. Let b = -1024 - i. Is b prime?
True
Let k be (-768)/(-36)*(3 + 0). Let o = 133 - k. Let a = -14 + o. Is a prime?
False
Is (-4 + 0)*1 - 158934/(-6) prime?
False
Let n(y) = 59981*y**2 - 15*y + 7. Is n(1) a composite number?
True
Let y(f) = -3*f**3 + 12*f**2 - 14*f - 39. Let k(v) = 2*v**3 - 13*v**2 + 15*v + 39. Let g(x) = 4*k(x) + 3*y(x). Is g(-17) a prime number?
False
Is ((-6881)/21 - -3)/((-10)/75) a composite number?
True
Let o = 50 + -51. Let z(u) = -974*u**3 - 2*u**2 + 1. Is z(o) prime?
False
Suppose -9*x - x + 30 = 0. Suppose x*j - 7069 = 4*d, d = -4*j + 3905 + 5533. Is j a composite number?
True
Let z(h) = -8 - 10 - h**2 - 7*h - 17*h + 32. Is z(-11) prime?
True
Suppose -4*f = -a - 54304, -f - 33*a + 31*a + 13585 = 0. Is f composite?
False
Let l(g) = g**3 + 34*g**2 + 77*g - 23. Is l(-26) composite?
True
Suppose c - 4 = 5*c. Let t = c - -26. Is (-1274)/(-10) + (-10)/t composite?
False
Suppose 4*y = 5*k - 2*k - 19, -2 = -y. Suppose q - k - 34 = 0. Is q prime?
True
Is (97/2)/((-23)/(-2438)) a composite number?
True
Let j(y) = -y**3 + 19*y**2 - y + 10. Let r be j(19). Let k(s) = 20*s**2 - 17*s + 22. Is k(r) a composite number?
True
Suppose 8 = z - 0. Let i = 77 + z. Let a = i - 42. Is a a prime number?
True
Suppose -34*q - 317866 = -806412. Is q a prime number?
True
Let t(v) = v**3 + 19*v - 11. Suppose 18*r - 22*r + 44 = 0. Is t(r) composite?
True
Let f(k) = 89*k - 7. Let g be f(4). Let n = g + -12. Is n prime?
True
Suppose 7*r - 55 + 20 = 0. Is 57/r + 16/(-40) a prime number?
True
Let k(y) = y**3 - 9*y**2 - 14*y + 42. Let d be k(10). Let t = 357 - 196. Is (-2)/(d - 324/t) composite?
True
Let j be (-3)/2*(-920)/12. Suppose 2*w = j + 307. Is w a prime number?
True
Let w(i) = 87*i**2 + 8*i + 3. Let b be w(7). Let d = b + -1824. Is d prime?
False
Let g = 66308 + -47101. Is g a prime number?
True
Is 2/4 + 17901/34 composite?
True
Suppose -5*b + 61250 = 3*v, 3*b - 8*b = -2*v - 61225. Is b a composite number?
True
Let u(l) = 31*l**2 - 14*l - 531. Is u(-20) prime?
True
Let c be 3 + -3 + 2 - 0. Suppose v - 29 = -c*l, 3*l + 5*v = l + 33. Is l prime?
False
Suppose -7*v + 3*v + 700 = 0. Let q be 4/10*420/(-3). Let t = v + q. Is t prime?
False
Let q(t) = -197*t**2 + 5*t - 5. Let i be q(2). Let w = -488 - i. Is w a prime number?
False
Is 838*(-5 + (-456)/(-16)) a composite number?
True
Let o be 15/(-1) + (-3 - -3). Let i = 17 + o. Suppose -105 = -d - i*d. Is d composite?
True
Let v(h) = -h**2 - 12*h - 6. Let q be v(-11). Suppose 3 = -q*c + 8, o - 9 = c. Let p(d) = -d**3 + 11*d**2 - 8*d - 11. Is p(o) a composite number?
True
Let m be 5 + 1/(5/29355). Let j = m - 3439. Is j a composite number?
False
Let v(r) = 2*r**2 + r - 1. Let g be v(-2). Suppose l - g*o - 3560 = -3*l, 2669 = 3*l - 4*o. Is l composite?
True
Suppose -1 = -3*u + 2. Let v be (-2 + u - -2) + -3. Let i(m) = -10*m**3 + 2*m**2 + 2*m + 2. Is i(v) a prime number?
False
Suppose 80 = 33*a - 17*a. Suppose 0 = 4*z + u - 1271, 4*z = 2*u - a*u + 1261. Is z a prime number?
False
Suppose -2*g - 6 + 4 = 0. Is g/(-4) - (-9254)/8 a prime number?
False
Let l = 101 + -103. Is (1793/l)/(((-9)/6)/3) composite?
True
Suppose 2*m + 0*c = -4*c + 1566, -3*c = -4*m + 3143. Is m a composite number?
True
Suppose 2*a - 269 = 3*j, 7*j - 2*j - 4*a = -451. Suppose 0 = 2*l + 2 + 18. Let k = l - j. Is k composite?
True
Let t(p) = -513*p - 5. Let z be t(5). Let y = 4968 + z. Suppose 0 = -6*m + 524 + y. Is m a prime number?
True
Let r = 11767 + 16. Is r composite?
False
Suppose -t - 176 = -3*t. Suppose -2*w + t = 5*u, -w = 3*u - 30 - 13. Is w a composite number?
True
Let w(j) = j**2 - 5*j + 40. Let t be w(8). Suppose -5*n + 125 = 4*a, 0*a + t = 2*a + 2*n. Is a prime?
False
Let m = -1352 - -2462. Let k be 3 + m/(0 - -3). Let n = k + -224. Is n a composite number?
False
Let p(i) = 11*i**3 - i**2 - 3*i - 1. Let x be p(-2). Let u = -661 + x. Is u/(-6)*(-3)/(-2) prime?
False
Is (1838/3 + 0)/(20/30) a prime number?
True
Suppose 33 = -8*x + 81. Suppose x*t + 0*t - 870 = 0. Is t a prime number?
False
Suppose 141 = 4*d - 1175. Let r = 150 + d. Is r prime?
True
Suppose 0*b + 2*b + 3*d = -2079, 2*b = -5*d - 2085. Let c = 2314 + b. Is c a composite number?
False
Let y(o) = o**3 + 33*o**2 + 16*o - 79. Is y(-27) prime?
True
Suppose 0*c + 24 = 3*c. Suppose 0 = -c*s + 3*s. Suppose -3*g + i + 341 = 0, -2*g = -2*i - s*i - 230. Is g a composite number?
False
Let l(s) = 4*s**3 + 2*s**2 - 18*s - 30. Let c be l(-13). Is c/(-5) + (-18)/90 composite?
True
Let a = 40 - 32. Is a/2*-662*1/(-8) composite?
False
Let g = -1374 + 7495. Is g a composite number?
False
Suppose 3*j - 8*t = -3*t - 62, 3*j = -t - 74. Let k be (-10)/3*(-48)/(-20). Is (-878)/(-3) + k/j a composite number?
False
Let y(c) = 5*c - 1. Let m be y(-1). Suppose 5*p + 2*z = 22, -z + 12 = p + 7. Is -23*(p + m/1) prime?
False
Suppose 6*d - 3557 = -18005. Let r = -937 - d. Is r a composite number?
False
Suppose -3*k - 947 = -4*y - 6*k, 3*y - 689 = 2*k. Is y a composite number?
False
Is ((-6)/(-9))/((176/1072269)/8) a prime number?
False
Suppose 5*k = 4*j - 3295, -2*k + 1822 = 3*j - 655. Let n be j/(-7) - 13/91. Is -4*(n/8 + 0) a composite number?
False
Suppose -36*m + 8 = -38*m. Is (-370)/3*6/m prime?
False
Let c be (-13)/(-3) - 8/(-12). Let z(g) = 2*g - 17*g + 4 + 13*g**2 + c. Is z(7) a prime number?
True
Let o(c) = 45*c**2 - c + 6. Let f be o(-7). Let q = f + -1533. Is q composite?
True
Let g(s) = -s**3 + 4*s**2 + 5*s + 7. Let a(w) = w - 2. Let l be a(2). Suppose l*h - h - 4*t = -1, -2*h + 14 = -4*t. Is g(h) prime?
True
Let a(s) = s**2 + 6*s + 3. Let q be a(-6). Suppose 5*z + 24 = 2*v - 0*z, 3*v = -4*z - 10. Suppose u = -2 + 1, q*t + v*u = 235. Is t prime?
True
Let k(j) = -2*j - 18. Let t be k(-9). Suppose t = -6*h + 3*h. Suppose -m - w + 792 = h, -5*m + 3162 = -m - 2*w. Is m a composite number?
True
Suppose -3*h - 2*h - 6521 = -j, 4*j = -4*h + 26084. Is j prime?
True
Let p(g) = g**3 + 5*g**2 + g + 4. Let s be p(-5). Let h be 96/(1 - s) - -2. Suppose 3*i = 211 + h. Is i composite?
True
Let s(f) = -f**2 - 18*f - 15. Let u be s(-17). Suppose x - 2*z - 634 = 1063, -8525 = -5*x + u*z. Is x a prime number?
False
Suppose 2556 - 7089 = -3*j. Is j prime?
True
Suppose -2*w - 4 + 10 = 0. Suppose -w*f = a + 65, 0 = 2*a - a - 2*f + 75. Let m = -13 - a. Is m a composite number?
True
Let f = -3 + 44. Suppose 4*d - f = 103. Suppose 2*x = -6*m + 3*m + 27, 4*m = -5*x + d. Is m a prime number?
False
Let r(u) = 2088*u - 301. Is r(26) a prime number?
True
Let b(r) = -3*r + 20. Let s be b(6). Suppose 0 = 3*p + 15, -3*j - s*p - 2*p = -1543. Is j composite?
False
Suppose -734510 = -11*g - 87*g. Is g composite?
True
Suppose 0 = -11*h - 0*h + 63239. Is h composite?
False
Let a(t) = -7*t**3 + 10*t**2 + 14*t + 21. Let f(m) = 6*m**3 - 9*m**2 - 13*m - 21. Let q(h) = -2*a(h) - 3*f(h). Is q(-8) composite?
True
Let t be ((-8)/(-10))/(11/55). Suppose -t*h = 3*h - 2611. Is h a prime number?
True
Suppose -4*v + 32341 = 5*u - 38660, 4*u = -2*v + 56796. Is u prime?
True
Let a(q) = -12*q**2 - 9*q + 16. Let j(g) = 6*g**2 + 5*g - 8. Suppose 0 = -f - 15 + 8. Let z(u) = f*j(u) - 4*a(u). Is z(7) composite?
False
Let t = 6 - 3. Suppose -v = -t*v - 60. Is ((-342)/(-27))/((-4)/v) prime?
False
Suppose 5*j = 2*x - 163, 27 = 5*x + 3*j - 334. Suppose x*t = 72*t + 3058. Is t prime?
False
Suppose 0 = -3*m - 4*o + 40, -4*m - 2 = -2*o - 26. Let s be (m/10)/((-2)/20). Is ((-2)/s)/(2/536) a prime number?
True
Let w be 12*(3 - 7/2). Let f(b) = b - 5. Let j be f(w). Is (j/(-3))/(8/264) composite?
True
Suppose -79*p = -70*p - 22779. Is p prime?
True
Let h be (-696)/30*(-10)/(-4). Is h*1*203/(-14) a composite number?
True
Let t = -29878 - -57489. Is t a prime number?
True
Suppose 15*c - 8*c - 6643 = 0. Is c a prime number?
False
Let o(w) = -w**3 - 6*w**2. Let r be o(-6). Suppose r = 14*j - 12*j - 958. Is j prime?
True
Suppose -10*o + 9*o - 3 = 0. Is 7/o + (-2)/3 - -256 a composite number?
True
Suppose 36*d - 6586 = 1010. Is d prime?
True
Let b = 1149 - 724. Let c = -298 + b. Is c a prime number?
True
Let p(r) = 1105*r**2 - 1. Let